 = 53. Let t(m) be the first derivative of -m**2/2 - 2*m - 191. Calculate t(a).
3
Let w(x) = -938*x - 2802. Let l be w(-3). Let r(u) be the first derivative of -2*u + l + 5/2*u**2 + 1/3*u**3. What is r(-7)?
12
Let w be (28 - 2324/84) + (280/(-3))/4. Let k(m) = 3*m + 68. Calculate k(w).
-1
Let y(i) be the third derivative of 3*i**4/8 + 17*i**3/2 + 512*i**2. Give y(15).
186
Let u(s) be the first derivative of -s**4 - 2*s**3/3 + s**2/2 - 1893. Determine u(1).
-5
Let r(y) = y**3 + 8*y**2 - 3. Suppose -4*q - 12 = -3*z, -4 = -z + 5*q + 11. Suppose z = -77*b + 79*b + 16. Determine r(b).
-3
Let j = -14678 - -14669. Let v(m) = 48*m + 439. What is v(j)?
7
Let j(u) = u**2 - 3*u - 5. Let i = -114 + 115. Let z(a) = -2 - 8*a**2 + i - 9 + 4*a**2 + a**3 - 2*a. Let h be z(5). Determine j(h).
5
Let i(j) be the first derivative of -1/24*j**4 + 31/2*j**2 + 0*j - 2 - 5/3*j**3. Let q(b) be the second derivative of i(b). What is q(-9)?
-1
Let w(l) be the first derivative of -7*l + 1/2*l**2 + 13 - 1/3*l**3. Calculate w(0).
-7
Let n(y) = 5*y + 21. Let b(k) = 4*k**3 + 11*k**2 + 9*k - 1. Let v be b(-1). Let f(c) = -2*c - 10. Let x(p) = v*n(p) - 7*f(p). Let l = -4 + 12. Determine x(l).
-1
Let h(a) = 25*a**3 + 177*a**2 + 22*a + 56. Let p be h(-7). Let f(q) = -9*q + 15. Determine f(p).
15
Suppose -15196*z = -15276*z. Let r(p) = -23*p - 4. Give r(z).
-4
Let c(f) = f**2 + 4*f + 6. Let x = 11 + 39. Suppose 3*g + m = x, 3*m - 24 = -g - g. Let v = -23 + g. What is c(v)?
11
Let q = -315 + 323. Suppose 0 = 3*c - 3*f - 2 + q, 4*f = -c - 2. Let o(x) = x**3 - x**2 + x - 2. Give o(c).
-16
Suppose -3*y + 129 = 2*m - 0*m, -2*y = -3*m - 86. Let b(f) = 88 + 3*f - 43 - y - 4*f. Let l(r) = r**2 + 2*r - 1. Let o be l(-4). What is b(o)?
-5
Suppose 4*x = -4*b + 48, 47 = 4*x - 18*b + 23*b. Let a(w) = w**2 - 13*w + 19. What is a(x)?
19
Let k(p) = 2*p**3 + 5*p**2 - 2. Let z(a) = 3*a**3 - 9*a**2 + 18*a - 44. Let l(v) = k(v) - z(v). Give l(13).
-23
Let m(w) = -2*w + 38. Let v = -4256 + 4269. Calculate m(v).
12
Suppose 62*q - 32 = 4*t + 66*q, 2*q - 24 = 2*t. Let b(w) = -w**2 - 2*w + 80. Determine b(t).
0
Let y(s) = -2*s**2 - 1807*s + 436*s + 502*s + 447*s + 486*s. Calculate y(32).
0
Let z = 78 - 76. Suppose 4*m - 16 = -z*b, -15 = -m - 4*b + 9*b. Let f(a) = a - 3. Give f(m).
2
Let y(d) = -71*d**2 - 2*d - 2. Let m = -1046 + 1045. What is y(m)?
-71
Let w(z) = -z**2 - z - 2. Let x = -36 - -74. Let a = -38 + x. Suppose a = -d, -2*d = 3*t - 1 + 10. What is w(t)?
-8
Let o(n) be the second derivative of n**3/6 - 11*n**2/2 + 10*n. Let r(v) = -v**3 - 17*v**2 - 8. Let t be r(-17). Determine o(t).
-19
Let o(p) = p**3 - 70*p**2 - 4*p + 285. Let b be o(70). Let f(w) = -w**3 + 7*w**2 - 7*w - 26. Give f(b).
-11
Let d be -3 + (23 + -2)/3. Let z be d/1 - (0 - 0). Let l(m) be the second derivative of m**4/12 - 7*m**3/6 + 3*m**2 - 279*m. What is l(z)?
-6
Let v(a) = a**3 - 8*a**2. Let d(z) = -7 + 3*z**2 + 5 + 0 + 6*z - 4*z**2. Let c be d(5). Suppose -5*j = c - 43. Calculate v(j).
0
Suppose 3*s - 15 = 3. Let i(c) = -4 - s*c + 0 + 9*c. Suppose -28*x + 26*x + 12 = 0. What is i(x)?
14
Let w(v) = -v**2 - v + 2. Let g be w(-3). Suppose 0 = -4*y - 2*y + 12. Let x(l) = -4*l**y + 1 - 3*l + 2*l + 19*l**3 - 20*l**3. Give x(g).
5
Let l(r) = -4*r**2 + 8*r - 1. Let t(z) = 13*z**2 - 25*z + 2. Let c(k) = -7*l(k) - 2*t(k). Let x(p) = p**2 + 6*p - 23. Let j be x(-9). Give c(j).
11
Let p(b) = 2*b**3 - 10. Let a = -11166 + 11168. Calculate p(a).
6
Let t = 30115 + -30124. Let i(p) = 4*p + 37. What is i(t)?
1
Let n be 5 - (-2 - -1)/((-9)/54). Let d(t) = t**3 - 2*t + 1. Let c(l) = 2*l**3 - 4*l**2 - 6*l - 14. Let i(h) = n*c(h) + 3*d(h). Calculate i(-5).
-8
Let l(d) = -2*d**3 + 19*d**2 + 24*d + 25. Let u(v) = -v**3 + 2*v**2 + 4*v + 1. Let z(b) = -l(b) + 3*u(b). What is z(-12)?
-22
Let a(c) = -c**3 - 2*c**2 - c - 4. Let v be a(-2). Let o be v/((-112)/54 - -2). Let s(l) = 10*l - o*l + 16*l + 1. Give s(0).
1
Let q(b) = -843114 - 4*b**2 + 843102 - b + 0*b + 3*b**2. Calculate q(-7).
-54
Let n(z) = 3*z**2 - 3*z + 1. Suppose -q - 18*b = -17*b + 3, 3*q - 21 = 3*b. Suppose -3*c - 4 = a, q = 2*a - c - 4. What is n(a)?
7
Suppose 18 = -3*g + g. Let l(r) = 55*r + 37. Let k(t) = 92*t + 74. Let i(a) = -4*k(a) + 7*l(a). Let h(v) = 4*v - 9. Let d(c) = g*h(c) + 2*i(c). Calculate d(9).
-11
Let c be -20*(4/(-2) - 8). Let g = c + -205. Let p(j) be the first derivative of j**4/4 + 5*j**3/3 - 5*j**2/2 - 7*j + 1. Calculate p(g).
18
Let o be (1/(-3) + 3/9)*2/(-12). Let p(u) be the first derivative of u - 1/3*u**3 + o*u**2 - 34 - 1/4*u**4. Determine p(-1).
1
Let s(w) = 8*w - 11. Let b = -13629 + 13634. Give s(b).
29
Let k(y) be the first derivative of -y**4/4 + 2*y**3/3 - y**2/2 - 45*y - 2650. Determine k(0).
-45
Let w(y) be the second derivative of y**3 - 1/20*y**5 + 0 + 3*y**2 - 1/4*y**4 - 27*y. Give w(-4).
-2
Let r(i) = i**2 + 13*i + 1. Let k(m) = -277*m**2 - 12*m - 3 + 139*m**2 + 137*m**2. Let s(q) = 2*k(q) + 3*r(q). Calculate s(-15).
-3
Let z(p) = -p**3 - 2*p**2 + p + 4. Let m be (-7 - (-21 + 5))*(-1)/3. Let y be z(m). Let x(u) = 2*u - 14. Calculate x(y).
6
Suppose -151 = -5*m + 2*n, 2*n - 276 = 3*m - 365. Let w(j) = -j**2 + 40*j - 287. What is w(m)?
-8
Let q(p) = p**3 - 6*p**2 - 11*p - 14. Let x be q(7). Let d = x + 44. Suppose -15 = 3*v, 3*v + 10 = -d*k - 5. Let g(m) = m + 1. Give g(k).
1
Let h(r) = 10*r**2 + 27*r + 11 - 802*r**3 + 408*r**3 + 395*r**3. Give h(-6).
-7
Let p(c) = 4*c + 64. Let y be p(-16). Let f(g) = -g**3 - g**2 - g + 14. Determine f(y).
14
Let j(b) be the third derivative of b**6/120 - 3*b**5/20 - b**3/2 + b**2. Suppose 1453*x - 1219*x = 2106. Give j(x).
-3
Let b(s) be the first derivative of -s**7/840 + s**6/90 + s**5/30 - s**4/24 - 260*s**3/3 + 11. Let o(x) be the third derivative of b(x). Give o(5).
-6
Let q(l) = -14*l - 1. Let a(b) = 187*b - 57. Let h(d) = -a(d) - 12*q(d). What is h(5)?
-26
Let r be 10/15 - 21/(-9). Suppose r*o + 31 - 10 = 0. Let s(n) be the second derivative of -n**3/6 + 3*n**2 - 3*n + 7. What is s(o)?
13
Suppose -4*z = 158 + 14. Let s = -37 - z. Let w(f) = -2 + 0*f**3 - 25209*f**2 + f**3 + 25202*f**2 + 8*f. What is w(s)?
10
Let i be -3*16/(-12)*(-58 - -56). Let z(k) = k**3 + 5*k**2 - 8*k + 12. Let l(v) = -v**2 - v + 1. Let q(g) = 2*l(g) - z(g). Determine q(i).
6
Suppose -14*v + 10*v + 248 = 0. Suppose 175 = 3*y - 5*o, -4*o + v = 2*y - 18. Let m = y - 44. Let c(a) = -a**3 + 5*a**2 + 6*a - 7. What is c(m)?
-7
Let l(s) be the first derivative of s**3/3 - 31*s**2/2 - 74*s - 1156. Calculate l(33).
-8
Let s(n) = -n**3 - 1 + 2*n**2 + 2*n**2 + 0 + 848*n + 842*n - 1687*n. What is s(4)?
11
Let t(m) = 6*m + 44*m**2 - 15*m - 8*m**2 - 14*m**2 - 10 - 21*m**2. Calculate t(-1).
0
Suppose -5*q = -0*q. Let a(c) = 13*c**2 + 8*c - 24. Let p(y) = -11*y**2 - 7*y + 21. Let m(u) = -5*a(u) - 6*p(u). Determine m(q).
-6
Let h(r) = 10*r**2 - r. Let o(n) = -n**3 + 9*n**2 - n - 51. Let z be o(8). Let u(t) = -t - 3*t + 5*t - 9*t**2. Let i(b) = z*u(b) + 4*h(b). Determine i(-1).
-6
Let f be (-3)/(-180)*-10*(0 + -3). Let x(k) be the second derivative of 0 - f*k**3 + 12*k - k**2. What is x(4)?
-14
Let b(k) = 3*k**2 + 2*k + 2. Suppose -4*q - q + 60 = 2*v, -5*v + 5 = -2*q. Let s = q + -10. Suppose -5*l + s*l = 10. Determine b(l).
10
Let w(k) = 21*k. Suppose j - 2*q = 0, -j + 19 + 2 = 5*q. Suppose -3*x - 3 = 3*l, 0 = -j*l + 4*l + 3*x + 8. Calculate w(l).
21
Let b(g) = 156*g - 76*g + 7*g**2 - 21*g**2 + 11 - 81*g - 2 + g**3. Suppose k + 5 = 0, -w - 5*k - 53 = -3*w. Calculate b(w).
-5
Let q be (-32)/168*-7*108. Let z = q + -151. Let o(i) = -i**2 - 5*i + 9. Calculate o(z).
-5
Let l(b) = -9*b - 2. Let q(w) = -2*w - 47. Let j be q(-25). Let p(a) = 19*a - 37. Let d be p(j). Suppose 4*h + d = 3*y, 2*y = -2*h - 2 + 6. What is l(h)?
16
Let o(s) = 6*s**3 + s**2 - s - 1. Let m(v) = -25*v**3 - v**2 + 9*v - 3. Let y(g) = -m(g) - 4*o(g). What is y(5)?
32
Let p(s) = -11054*s - 11060*s - 12 + 22115*s. Give p(2).
-10
Let f be 10/6*2/(-10)*-6. Let a(y) = 2 - f - 16*y**2 + 1. Calculate a(1).
-15
Let w(c) be the third derivative of -c**7/840 - c**6/90 + c**4/8 + 5*c**3/3 + 2*c**2 + 3. Let n(u) be the first derivative of w(u). What is n(-3)?
-6
Suppose 3*f + 6 = 5*f. Let n(q) = -11*q**2 - 7 + 6*q + 19*q**2 - 10*q**2 + f*q**2. Calculate n(-7).
0
Suppose b - g + 44 = -0*b, -83 =